 factors of b?
2, 827
Suppose p + 10 = 5*l, 5*p - 2 = -l + 3*p. Suppose 4*c + l*u = 2*c + 1258, 0 = u - 2. What are the prime factors of c?
3, 11, 19
Let a(c) = c**2 + 2*c - 11. Suppose t + 45 = -8*t. Let o be a(t). Suppose 2*p - 83 = -5*u, 2*u = o*p - 7*p + 152. List the prime factors of p.
2, 3
Suppose 0 = 27*c - 20*c - 7973. Suppose -c - 65 = -4*t - 4*z, 1520 = 5*t + 2*z. What are the prime factors of t?
2, 3, 17
Suppose -5*x + k + 0 = 23, 2*k = 5*x + 26. What are the prime factors of 166/((-6 + 4)/8*x)?
2, 83
Suppose j - 4*z = 8*j - 6310, j = -3*z + 899. List the prime factors of j.
2, 11, 41
Let s = 47 + -94. Let y = -29 - s. Let m = 123 - y. What are the prime factors of m?
3, 5, 7
Suppose -7*a = 17 - 45. Suppose 3*m + a*b = 1520, -233 + 1246 = 2*m + 3*b. What are the prime factors of m?
2, 127
Let f(h) = -12*h**3 - 2*h**2 + 10*h + 45. Let d be f(-6). Suppose 0 = 12*w - 17*w + d. What are the prime factors of w?
3, 167
List the prime factors of (-12 + 8168 + -1)*(-24)/(-20).
2, 3, 7, 233
Let r = 2395 - -145. List the prime factors of r.
2, 5, 127
List the prime factors of 702/1053*130593/10 + 2/(-10).
2, 3, 1451
Let y(c) = 15862*c + 616. Let v(j) = -154*j - 6. Let r(x) = -308*v(x) - 3*y(x). List the prime factors of r(-3).
2, 3, 7, 11
Let h = 59181 + -31072. List the prime factors of h.
28109
Let c(m) = 140*m**2 + 27*m - 159. What are the prime factors of c(9)?
2, 3, 7, 17
List the prime factors of -3265*((-81)/(-45))/(-9).
653
Let b(l) = 2*l**3 + 117*l**2 + 8*l + 271. List the prime factors of b(-58).
3, 7, 151
Suppose 2*i = 6, 2*i - 276 = -5*f - 0*i. Let h = -54 + f. Suppose h = 5*t - 127 - 233. What are the prime factors of t?
2, 3
Let z(g) = 16*g + 88. Let r be z(-5). List the prime factors of 4/(-16) + 2450/r + 0.
2, 3, 17
List the prime factors of (-2800)/(-1) - (22 + 35)/19.
2797
Let q be 4 - 33/9 - 20/(-12). Suppose -3*t + 1014 = 3*v, 4*v - 369 - 975 = -q*t. What are the prime factors of v?
2, 167
Let u(n) = 5*n**3 + 7*n**2 + 632. What are the prime factors of u(0)?
2, 79
Suppose -5*a = -h - 11521 - 6484, 0 = -3*a - 2*h + 10816. List the prime factors of a.
2, 1801
Let o be -9*(-8980)/44 + 2/11. Suppose 0 = -6*n + 1073 + o. Let a = -280 + n. List the prime factors of a.
5, 41
Let o be 618/(-9)*(-3 + -9). Let k = o - 454. List the prime factors of k.
2, 5, 37
Let m be ((-10)/(-20))/((-2)/(-12)). Let p be 2*(-2 - 2)*(m + -46). Let u = -61 + p. What are the prime factors of u?
283
Suppose -5*l + 5*r + 1200 = -710, -4*r + 1883 = 5*l. What are the prime factors of l?
379
Let w(j) = -j**3 - 3*j**2 - j + 2. Let f be w(-2). Suppose 2*k = -n + 3*n + 24, n + 5 = f. Suppose k*x - 198 = -2*x. List the prime factors of x.
2, 11
Let x(d) = 4*d**2 + 7*d**2 - 12*d**2 + 6 - d**3 + 9*d**2 + 2*d. What are the prime factors of x(-4)?
2, 5, 19
Let m(q) = -161*q + 75. Let g be m(-21). Suppose -3*k - 2*k = -3*r - g, -k + 700 = -5*r. What are the prime factors of k?
2, 3, 5, 23
Let p(x) = 7*x**2 + 17*x - 166. Suppose 793*i - 10 = 792*i. What are the prime factors of p(i)?
2, 11
Suppose 5*u = 10*u - 11995. Suppose 11*i = u + 461. What are the prime factors of i?
2, 5, 13
Let w be -3 + 4 + -3 - (-174)/29. Let s be 2/(1 - -1)*15. What are the prime factors of w + 2148/s - 1/5?
3, 7
Let d(t) = t**3 + 27*t**2 + 26*t + 12. Let z be d(-26). Suppose -2454 = -z*j + 1290. List the prime factors of j.
2, 3, 13
Let l be 0*(39/6 + -6). Suppose 0 = -0*r + 2*r - 6. List the prime factors of r - (l - 1) - -57.
61
Let l be 333/(-1)*208/(-156). Suppose -q + l = 3*t + 2*q, 5*q + 484 = 3*t. List the prime factors of t.
3, 17
Let x(t) = -t**3 + 3*t**2 + 4*t. Let g(p) = -p**3 + 2*p**2 + 4*p + 1. Let a(z) = -2*g(z) + 3*x(z). Let u = -2 - -5. List the prime factors of a(u).
2, 7
Let b(y) = y - 17. Let f be b(20). Suppose 2*c + f*g = 16, -3*c - 5*g + 4 = -18. Suppose 1 = -3*n - c, -5*k + 4*n + 415 = 0. List the prime factors of k.
79
Let q(v) = 10*v**3 - 5*v**2 - 11. Let r(b) = b**3 + 13*b**2 + 20*b - 17. Let t be r(-11). What are the prime factors of q(t)?
2, 557
Suppose -227*r - 252 = -230*r. Suppose 3*a - 6*a + 6 = 0. Suppose -a*q = -36 - r. List the prime factors of q.
2, 3, 5
Let r(x) = 2*x**2 - 9*x + 47 - 24 - 7*x. What are the prime factors of r(9)?
41
Suppose -8*w - 8*w + 64374 = -60618. List the prime factors of w.
2, 3, 7, 31
Let n = -11791 - -13795. List the prime factors of n.
2, 3, 167
Suppose -184*s + 35268 = -1588164. List the prime factors of s.
3, 17, 173
Suppose -4*p + 4*b + 24 = 0, 14 = -20*p + 21*p - 5*b. Suppose -p*y = 3*y - 4144. List the prime factors of y.
2, 37
Let n(y) = 195*y**2 + 457*y + 33. List the prime factors of n(-15).
3, 23, 179
What are the prime factors of (820/15)/(100/16275)?
7, 31, 41
Suppose 0 = 5*c - 9*c - 5*s - 375, 4*c - s = -405. Let z = c - -14. Let d = z + 151. What are the prime factors of d?
5, 13
Suppose -q - 122 = -3*q. Let a(o) = -5*o**3 - 40*o**2 - 91*o - 4. Let s be a(-2). Let w = q + s. List the prime factors of w.
7, 17
Suppose -57*u + 45*u = 29*u - 1548365. What are the prime factors of u?
5, 7, 13, 83
Suppose -3*r + 5*z - 6*z = -2199, -15 = -5*z. Suppose i + 2*i = -4*m + 724, -4*m + r = 5*i. List the prime factors of m.
2, 89
List the prime factors of 6/(6/(-131))*639/(-9).
71, 131
Let i = -260 - -246. Let d(r) = -54*r + 93. List the prime factors of d(i).
3, 283
Let l(s) = -2*s + 2. Suppose 4*k = 12, 2*k = 3*p + 47 - 14. Let d be l(p). What are the prime factors of (d + -40)/((-1)/2)?
2, 5
Let g = -13208 + 19185. List the prime factors of g.
43, 139
Suppose -5*f = -5*i - 70, -3*f - f = 2*i - 26. Let h(w) = w**3 - 7*w**2 + 2*w - 17. Let p be h(f). Let q = p - 87. List the prime factors of q.
2, 19
Suppose 0*b + 677 - 19022 = -3*b. What are the prime factors of b?
5, 1223
Let v be -5 + (2 + (-3 - -3) - -1). Let f be (-2)/(v - -3)*1/2. What are the prime factors of (-27)/f - (-6)/2?
2, 3, 5
Suppose 2*d + 3*r + 3 = 0, 0 = 5*d - r - 20 - 15. Suppose 4*c = -q + 505, 0 = 4*q - 2*q + d. List the prime factors of c.
127
Let a be (-2)/(-5) - 0 - 35330/(-50). Suppose -p = -g + a, g - 4*p - 706 = -2*p. List the prime factors of g.
2, 3, 59
Suppose -5*p = -35482 - 87918. List the prime factors of p.
2, 5, 617
Suppose 0 = 4*t + 3*s - 1182, 0 = 2*t - s + 6*s - 598. List the prime factors of t.
2, 3, 7
Suppose -18 + 26 = -4*x. Let a be 2 + -2*26/x. Suppose 2*w + a = 2*f, -3*f - 3*w = -0*f - 36. What are the prime factors of f?
13
Let v(r) = -r**2 - 21*r - 74. Let c be v(-5). Suppose 8*h - c*h - 976 = -4*x, -4*x - 1484 = -3*h. List the prime factors of h.
2, 3, 41
Suppose 258738 = 81*l - 151365. List the prime factors of l.
61, 83
What are the prime factors of (-246685)/(-40) + (-51)/24 + 2?
7, 881
Let v(h) = 7933*h**2 + 131*h + 282. What are the prime factors of v(-2)?
2, 3, 7
Let s(y) = -3*y**2 - 34*y - 35. Let l be s(-1). What are the prime factors of (30632/24 + -1)/(l/(-6))?
1913
Let h(j) = -j**3 - 47*j**2 - 44*j + 106. Let l be h(-46). What are the prime factors of -300*(280/(-3))/l?
2, 5
Let h(c) = -c**3 + 3*c + 2. Let v be h(-1). Suppose v = 2*u - 37 - 59. Let i = 192 - u. List the prime factors of i.
2, 3
Suppose 0 = 5*j + p - 737, -193 = -2*j - 5*p + 88. Suppose -2540 = -12*y + j. Let b = y - 123. List the prime factors of b.
101
Suppose 6*t = -7*t. Suppose t = 21*q + 1584 - 13470. List the prime factors of q.
2, 283
Let q(r) = -4*r**2 + 3 + 12*r - r**3 + 14 + 1 - 5*r**2. Let l be q(-10). List the prime factors of (0 - 43)*1*l.
2, 43
Let b(f) = -8*f**3 - 3*f**2 - 2*f - 5. Let y = 12 + -15. Let r be b(y). What are the prime factors of (-1)/(r/294 - (-4)/(-6))?
7
Suppose q - 3*w = -144 - 671, -2*w = 4*q + 3190. Let z = q + 1922. List the prime factors of z.
2, 3, 11, 17
Let p(x) = x**3 + 3*x**2 - 19*x + 8. Let n = -450 + 458. List the prime factors of p(n).
2, 5, 7
Let t = -210 - -213. Suppose -5*p = -3*b + 8*b - 1060, 0 = -5*p + t*b + 1076. List the prime factors of p.
2, 107
Let d be 4/6*-9 - 287. Let c = -152 - d. What are the prime factors of c?
3, 47
Let g(z) = 55*z**2 - 29*z - 110. What are the prime factors of g(-19)?
2, 43, 59
Let n = -250 - -262. Suppose -n + 66 = k. What are the prime factors of k?
2, 3
Suppose 63 + 33 = -6*a. Let u(o) = o**3 + 17*o**2 + 16*o + 27. List the prime factors of u(a).
3
Let p = 544 + -